{"id":260,"date":"2017-10-02T19:49:58","date_gmt":"2017-10-02T19:49:58","guid":{"rendered":"https:\/\/analisis-de-cine.rll.lsa.umich.edu\/?page_id=260"},"modified":"2017-10-02T19:49:58","modified_gmt":"2017-10-02T19:49:58","slug":"lista-de-terminos-sonido-2","status":"publish","type":"page","link":"https:\/\/analisis-de-cine.rll.lsa.umich.edu\/?page_id=260","title":{"rendered":"Lista de t\u00e9rminos: Sonido"},"content":{"rendered":"<ul>\n<li><a title=\"Altavoz\" href=\"https:\/\/analisis-de-cine.rll.lsa.umich.edu\/?encyclopedia=altavoz\">Altavoz<\/a><\/li>\n<li><a title=\"Banda sonora\" href=\"https:\/\/analisis-de-cine.rll.lsa.umich.edu\/?encyclopedia=banda-sonora-pista-de-audio\">Banda sonora<\/a><\/li>\n<li><a title=\"Di\u00e1logo\" href=\"https:\/\/analisis-de-cine.rll.lsa.umich.edu\/?encyclopedia=dialogo\">Di\u00e1logo<\/a><\/li>\n<li><a title=\"Doblaje\" href=\"https:\/\/analisis-de-cine.rll.lsa.umich.edu\/?encyclopedia=doblaje\">Doblaje<\/a><\/li>\n<li><a title=\"Doblaje\" href=\"https:\/\/analisis-de-cine.rll.lsa.umich.edu\/?encyclopedia=doblaje-2\">Doblaje<\/a><\/li>\n<li><a title=\"Edici\u00f3n de Sonido\" href=\"https:\/\/analisis-de-cine.rll.lsa.umich.edu\/?encyclopedia=edicion-de-sonido-2\">Edici\u00f3n de Sonido<\/a><\/li>\n<li><a title=\"Efectos de sonido\" href=\"https:\/\/analisis-de-cine.rll.lsa.umich.edu\/?encyclopedia=efectos-de-sonido\">Efectos de sonido<\/a><\/li>\n<li><a title=\"Intensidad\" href=\"https:\/\/analisis-de-cine.rll.lsa.umich.edu\/?encyclopedia=intensidad\">Intensidad<\/a><\/li>\n<li><a title=\"Intensidad\" href=\"https:\/\/analisis-de-cine.rll.lsa.umich.edu\/?encyclopedia=intensidad-2\">Intensidad<\/a><\/li>\n<li><a title=\"Mezcla de Sonido\" href=\"https:\/\/analisis-de-cine.rll.lsa.umich.edu\/?encyclopedia=mezcla-de-sonido\">Mezcla de Sonido<\/a><\/li>\n<li><a title=\"Partitura\" href=\"https:\/\/analisis-de-cine.rll.lsa.umich.edu\/?encyclopedia=partitura\">Partitura<\/a><\/li>\n<li><a title=\"Perspectiva de sonido\" href=\"https:\/\/analisis-de-cine.rll.lsa.umich.edu\/?encyclopedia=perspectiva-de-sonido\">Perspectiva de sonido<\/a><\/li>\n<li><a title=\"Postsincronizaci\u00f3n\" href=\"https:\/\/analisis-de-cine.rll.lsa.umich.edu\/?encyclopedia=postsincronizacion\">Postsincronizaci\u00f3n<\/a><\/li>\n<li><a title=\"Puente de Sonido\" href=\"https:\/\/analisis-de-cine.rll.lsa.umich.edu\/?encyclopedia=puente-de-sonido\">Puente de Sonido<\/a><\/li>\n<li><a title=\"Reverberaci\u00f3n\" href=\"https:\/\/analisis-de-cine.rll.lsa.umich.edu\/?encyclopedia=reverberacion\">Reverberaci\u00f3n<\/a><\/li>\n<li><a title=\"Sonido Dieg\u00e9tico\" href=\"https:\/\/analisis-de-cine.rll.lsa.umich.edu\/?encyclopedia=sonido-diegetic\">Sonido Dieg\u00e9tico<\/a><\/li>\n<li><a title=\"Sonido Directo\" href=\"https:\/\/analisis-de-cine.rll.lsa.umich.edu\/?encyclopedia=sonido-directo\">Sonido Directo<\/a><\/li>\n<li><a title=\"Sonido Fuera de Pantalla \/ Voz en off\" href=\"https:\/\/analisis-de-cine.rll.lsa.umich.edu\/?encyclopedia=sonido-fuera-de-pantalla-voz-en-off\">Sonido Fuera de Pantalla \/ Voz en off<\/a><\/li>\n<li><a title=\"Sonido No Dieg\u00e9tico\" href=\"https:\/\/analisis-de-cine.rll.lsa.umich.edu\/?encyclopedia=sonido-no-diegetico\">Sonido No Dieg\u00e9tico<\/a><\/li>\n<li><a title=\"Sonido Sincr\u00f3nico\" href=\"https:\/\/analisis-de-cine.rll.lsa.umich.edu\/?encyclopedia=sonido-sincronico\">Sonido Sincr\u00f3nico<\/a><\/li>\n<li><a title=\"Sonido Sobrepuesto\" href=\"https:\/\/analisis-de-cine.rll.lsa.umich.edu\/?encyclopedia=sonido-soprepuesto\">Sonido Sobrepuesto<\/a><\/li>\n<li><a title=\"Subtitulado\" href=\"https:\/\/analisis-de-cine.rll.lsa.umich.edu\/?encyclopedia=subtitulado\">Subtitulado<\/a><\/li>\n<li><a title=\"Te\u00f1ido\" href=\"https:\/\/analisis-de-cine.rll.lsa.umich.edu\/?encyclopedia=tenido\">Te\u00f1ido<\/a><\/li>\n<li><a title=\"Timbre\" href=\"https:\/\/analisis-de-cine.rll.lsa.umich.edu\/?encyclopedia=timbre\">Timbre<\/a><\/li>\n<li><a title=\"Tono\" href=\"https:\/\/analisis-de-cine.rll.lsa.umich.edu\/?encyclopedia=tono\">Tono<\/a><\/li>\n<li><a title=\"Sonido Fuera de Pantalla \/ Voz en off\" href=\"https:\/\/analisis-de-cine.rll.lsa.umich.edu\/?encyclopedia=sonido-fuera-de-pantalla-voz-en-off\">Voz en off \/\u00a0<\/a><a title=\"Sonido Fuera de Pantalla \/ Voz en off\" href=\"https:\/\/analisis-de-cine.rll.lsa.umich.edu\/?encyclopedia=sonido-fuera-de-pantalla-voz-en-off\">Sonido Fuera de Pantalla<\/a><\/li>\n<\/ul>\n","protected":false},"excerpt":{"rendered":"<p>Altavoz Banda sonora Di\u00e1logo Doblaje Doblaje Edici\u00f3n de Sonido Efectos de sonido Intensidad Intensidad Mezcla de Sonido Partitura Perspectiva de sonido Postsincronizaci\u00f3n Puente de Sonido Reverberaci\u00f3n Sonido Dieg\u00e9tico Sonido Directo Sonido Fuera de Pantalla \/ Voz en off Sonido No Dieg\u00e9tico Sonido Sincr\u00f3nico Sonido Sobrepuesto Subtitulado Te\u00f1ido Timbre Tono Voz en off \/\u00a0Sonido Fuera de &hellip; <a href=\"https:\/\/analisis-de-cine.rll.lsa.umich.edu\/?page_id=260\" class=\"more-link\">Continue reading <span class=\"screen-reader-text\">Lista de t\u00e9rminos: Sonido<\/span> <span class=\"meta-nav\">&rarr;<\/span><\/a><\/p>\n","protected":false},"author":3,"featured_media":0,"parent":0,"menu_order":0,"comment_status":"closed","ping_status":"closed","template":"","meta":{"footnotes":""},"class_list":["post-260","page","type-page","status-publish","hentry"],"_links":{"self":[{"href":"https:\/\/analisis-de-cine.rll.lsa.umich.edu\/index.php?rest_route=\/wp\/v2\/pages\/260","targetHints":{"allow":["GET"]}}],"collection":[{"href":"https:\/\/analisis-de-cine.rll.lsa.umich.edu\/index.php?rest_route=\/wp\/v2\/pages"}],"about":[{"href":"https:\/\/analisis-de-cine.rll.lsa.umich.edu\/index.php?rest_route=\/wp\/v2\/types\/page"}],"author":[{"embeddable":true,"href":"https:\/\/analisis-de-cine.rll.lsa.umich.edu\/index.php?rest_route=\/wp\/v2\/users\/3"}],"replies":[{"embeddable":true,"href":"https:\/\/analisis-de-cine.rll.lsa.umich.edu\/index.php?rest_route=%2Fwp%2Fv2%2Fcomments&post=260"}],"version-history":[{"count":1,"href":"https:\/\/analisis-de-cine.rll.lsa.umich.edu\/index.php?rest_route=\/wp\/v2\/pages\/260\/revisions"}],"predecessor-version":[{"id":261,"href":"https:\/\/analisis-de-cine.rll.lsa.umich.edu\/index.php?rest_route=\/wp\/v2\/pages\/260\/revisions\/261"}],"wp:attachment":[{"href":"https:\/\/analisis-de-cine.rll.lsa.umich.edu\/index.php?rest_route=%2Fwp%2Fv2%2Fmedia&parent=260"}],"curies":[{"name":"wp","href":"https:\/\/api.w.org\/{rel}","templated":true}]}}